+ 98 = -2*m - 46, 3*m = -5*d + 134. What is the tens digit of d?
2
What is the tens digit of 6 + -4 - (-11)/1*6?
6
Let p(k) = -k**2 - 5*k + 13. What is the tens digit of p(-5)?
1
Let t(d) = 32*d**3 + 2*d**2. What is the units digit of t(2)?
4
Suppose -5*s - 10 = 3*x - 32, -2*s = 2*x - 12. Suppose 0 = -v + 1 + x. Suppose 2*n = v*n - 15. What is the units digit of n?
5
Suppose -2*p - 241 = -639. What is the tens digit of p?
9
What is the units digit of 1 + ((-135)/12)/(3/(-8))?
1
Let v(j) = -j**3 + 4*j**2 + 6*j - 4. What is the units digit of v(5)?
1
Suppose -92 = -2*v - m, -2*v - 2*v = m - 180. What is the tens digit of v?
4
Suppose 4*a + 70 = 2*k, -2*k - 56 = a + 2*a. Let g = -14 - a. What is the units digit of g?
4
Let l(k) = -47*k - 1. What is the tens digit of l(-1)?
4
Suppose -2*o + 173 = -135. What is the tens digit of o?
5
Suppose 2*q + q = -x + 39, 4*x - 184 = -5*q. What is the tens digit of x?
5
Let n(z) be the second derivative of z**5/5 - z**4/12 + z**2/2 + 3*z. Let p be n(1). Suppose -q - p = -2*q. What is the units digit of q?
4
Suppose -2*y - 84 = -3*j + 157, 0 = -4*j - 20. What is the units digit of 12/(-54) + y/(-9)?
4
Let s be ((-6)/1)/((-4)/8). Suppose 0 = -n - 2*n + s. Suppose x - n*x + 18 = 0. What is the units digit of x?
6
Let c be (-2 - 4)/(2/(-1)). Suppose 4*u + c = 15. What is the units digit of 2/u - (-12)/9?
2
Let d(k) = k**2 + 3*k - 3. Let t be (3 - (2 + -4)) + -3. What is the units digit of d(t)?
7
What is the units digit of 2 + (4 - 1) - -130?
5
Let j = -2 + 91. What is the tens digit of j?
8
Let m be (-26)/(-5) + 1/(-5). Suppose -5*j = -2*i + 12, 0 = -i + 6*j - 4*j + m. What is the units digit of i + 3 + 2*-1?
2
Suppose -5*c + 5*h - 90 = 0, h = -3*c + 5*h - 56. Let q = c + 36. What is the tens digit of q?
2
Let h be -2 - (1 - (1 - -2)). Suppose -4*d - 4*f + 8 = h, -2*f - 5 + 3 = -d. What is the units digit of d?
2
Suppose 3*s + 2*o - 41 = 0, s - 7 = -5*o + o. What is the units digit of s?
5
Let b = 1 + 98. What is the tens digit of b?
9
Let j = -27 - -51. What is the units digit of j?
4
Suppose -4*q = q + 75. Let o be (-15)/(-2)*(-36)/q. Suppose 4*u - o = u. What is the units digit of u?
6
Let i = 71 + -43. Suppose -2*a + i = 2*a. Let o(r) = r**2 - 5*r - 1. What is the tens digit of o(a)?
1
Let y(q) be the third derivative of q**4/12 - q**3/6 + 2*q**2. What is the units digit of y(2)?
3
Let y = 4 - 2. Let l(j) = 6*j - 2. What is the units digit of l(y)?
0
Suppose 0 = -4*n - 2*m + 50, n - m = 5*n - 45. Let h be (-24)/(-10) + 6/(-15). Suppose h*d + 40 = 4*q, -q = -0*d - d - n. What is the tens digit of q?
1
Suppose -4*f - 164 = -8*f. Let q = f + 11. What is the tens digit of q?
5
Suppose 4*z - 34 - 4 = 3*v, v = z - 11. Let u be ((-9)/v)/(3/(-44)). What is the units digit of 158/22 - (-4)/u?
7
Let j = -73 - -136. What is the units digit of j?
3
Let v = 6 - 0. What is the units digit of v?
6
Let h(m) = m**3 + 5*m**2 - 6*m + 1. Suppose 0 = -4*o - 11 - 1. Let f be -1 - (-2 + (-21)/o). What is the units digit of h(f)?
1
Let s = -10 - -7. Let p be 4*((-18)/(-8) + 0). Let g = p + s. What is the units digit of g?
6
Let a = 0 - -2. Suppose -3*k - a*k = -5. Suppose 4*r - 11 - k = 0. What is the units digit of r?
3
Suppose h = 5*j + 15 + 28, 0 = 5*h - 4*j - 194. What is the units digit of h?
8
Let c(h) = -h**3 - 2*h**2 + 5 - 5 + 2*h. Let m be c(3). Let z = 57 + m. What is the tens digit of z?
1
Suppose 0 = -q - 3*h - 0 + 2, h - 1 = 0. Let k be (q + 1)/(7 + -6). Let p(a) = -a + 9. What is the units digit of p(k)?
9
Suppose 3 = 5*s - 4*s. Suppose -79 = -s*z - 13. What is the units digit of z?
2
Let c(r) = -r + 6. Suppose -1 + 41 = 2*g. Suppose -17 = -5*p + 3*x, -4*p - x = 3*x - g. What is the units digit of c(p)?
2
Let c be 1236/14 - 16/56. Let v = c + -50. What is the units digit of v?
8
Suppose 2*w - 15 - 11 = 0. Suppose 2 = -s + w. What is the units digit of s?
1
Let u be (-2)/(3 - 2) - -119. Suppose -2*h = k - 27, k - 6*k - 4*h + u = 0. Let r = k - 15. What is the units digit of r?
6
Let s(q) = 7*q - 3. Let o(j) = 17*j + 6*j - 2*j - 6 - 3. Let h(n) = -2*o(n) + 7*s(n). What is the units digit of h(2)?
1
Let l = 29 + -14. Suppose c + 3*s + 18 = 7*s, 10 = c + 3*s. Let k = c + l. What is the units digit of k?
3
Let t(u) = u - 5. Let c be t(7). Let b be 3 + 1 - 4/c. Suppose 0 = g - 2*a - 11, g + b*a - 16 = -g. What is the units digit of g?
9
Let i(l) = 2*l - 4*l + l - 1. Suppose h - 6*h = 20. What is the units digit of i(h)?
3
Suppose 4*j + 11 = q, q - 2*j = 3*j + 13. Suppose -12 + 0 = q*f. Let x = 24 + f. What is the tens digit of x?
2
Let g(y) = -3*y - 1. Let s(f) = f. Let o(j) = 6*g(j) + 17*s(j). Let d be o(0). What is the tens digit of (1 - (-10)/d)*-27?
1
Let t = -18 + -7. Let z = -6 - t. What is the tens digit of z?
1
Suppose -3*s = 2 + 1. What is the units digit of 3 + (2/1)/s?
1
Suppose r + 8 + 1 = -2*g, 2*r + 5*g = -23. Suppose -s - r + 3 = 0. What is the units digit of ((-1)/s)/((-1)/10)?
5
What is the hundreds digit of -5*28*(10 - 11)?
1
Suppose 0 = -5*j - y - 5, 3*j + 4*y - 16 = -2. What is the tens digit of (-2)/(j/(-36)*-2)?
1
Suppose 2*y + 14 = 4*j, 7*y - 4*y = 5*j - 18. Suppose 3*o - s = -j*s + 58, 5*s = -3*o + 64. What is the units digit of ((-8)/3 + 3)*o?
6
Let c(i) = i**2 - 8*i + 8. Let s be c(10). Let h = -13 + s. What is the units digit of h?
5
Let y = 11 - 27. Let o = y + 45. Suppose 0 = 5*u - o - 6. What is the units digit of u?
7
Suppose -n + 4 + 5 = 0. Let t = 17 + n. What is the tens digit of t?
2
Let f(d) be the third derivative of -2*d**2 + 0*d + 1/6*d**3 + 1/60*d**5 + 0 + 0*d**4. What is the units digit of f(0)?
1
Let a(t) = 5*t**2 - 9*t + 3*t - 5 - 4*t**2. What is the units digit of a(7)?
2
Suppose -11 - 4 = -5*z. Suppose z*c - 17 = -3*u + 2*u, -5*u - 11 = -c. What is the units digit of c?
6
Let z = -242 - -347. What is the hundreds digit of z?
1
Let r(t) = t**2 + 2*t + 2. Let d be r(-3). Suppose d*g - 1 = -11. What is the units digit of g*(-2 + (-1)/2)?
5
Suppose -5*i + i + 112 = 0. Suppose -2*b = -3*b - 2, -b + i = 2*u. What is the tens digit of u?
1
Suppose 3*c + 4*y - 69 = 0, y + 4*y = -4*c + 91. Suppose 4*j - c = 3*j - 3*i, 0 = 4*i. What is the units digit of j?
9
Let s = -14 - -11. Let h(p) = -p**3 + 2. What is the units digit of h(s)?
9
Let u(y) = 5*y - 4. What is the tens digit of u(8)?
3
Suppose -2*c + 5*n = -57 - 166, 5*n + 431 = 4*c. What is the units digit of c?
4
Let n(l) = 5*l**2 - 4*l - 8. What is the tens digit of n(10)?
5
Let s(v) = v**2 + 3*v - 2. What is the tens digit of s(-6)?
1
Let s(a) be the second derivative of -a**3/2 - a**2 - 5*a. What is the units digit of s(-8)?
2
Let d = -34 - -213. What is the units digit of d?
9
Suppose 3*f = -q + 35, q = 2*q - 4*f - 7. What is the tens digit of q?
2
Suppose -86 = -3*p + 19. What is the units digit of p?
5
Let f be ((-72)/(-30))/((-2)/(-10)). Let c be (-5 - -2)*(-16)/f. Suppose -2*s + 26 = -c*o, -o - 29 = -0*s - 5*s. What is the units digit of s?
5
Let x = 582 + -297. What is the units digit of x?
5
Let r(w) = w**3 - 4*w**2 - 3*w. Let y be (50/(-40))/(1/(-4)). What is the units digit of r(y)?
0
Let m be -3*(-1)/(-2)*-2. Let i be 3/m - (0 + -2). What is the units digit of (3/i - 0)*5?
5
Suppose -439 = -5*d + 4*m - 81, -4*d - 3*m + 274 = 0. Suppose -5*w + 70 + d = 0. What is the units digit of w?
8
Suppose 197 = 7*c - 146. What is the units digit of c?
9
Suppose 5 = 5*y, 4*b - 2*y - 13 = 1. Suppose -2*q = -2*p - 5*q - 5, -b*p + 3*q + 17 = 0. What is the units digit of p?
2
Suppose -3*c = 2*c + 10. Let j be (-11)/(-3) + c/(-6). Suppose -f - 21 = -5*f + 5*u, j = 2*f + 4*u. What is the units digit of f?
4
Suppose 2*m - 2 = -4. Suppose -4*i = -2*y - 182, 3*y + 233 = 2*i - 4*i. What is the tens digit of y/(-6) - m/2?
1
Let w = -11 + 15. Suppose w*x - 4 = -5*m, 1 = 2*m + m + x. Suppose 0 = 4*p + l - m*l - 42, -2*p + 30 = 5*l. What is the units digit of p?
0
What is the units digit of (-160)/(-4) - 0/(-1)?
0
Suppose 11 = -4*u + 275. What is the tens digit of u?
6
Let y(n) = -n**2 + 4*n. Let b be y(3). Suppose 110 = 2*i + b*i. What is the tens digit of i?
2
Let y = 14 - -19. What is the units digit of y?
3
Let i(a) = 2*a + 1. Let k be 10/8 + (-1)/4. Let t be i(k). Let m = t - 2. What is the units digit of m?
1
Suppose -o = -4*n - 6*o + 126,